4)/18*21.
2, 7
Let l(v) = v**2 - 1. Let g be l(1). Let f(d) = d**3 + d**2 - d + 5. Let m be f(0). Suppose g*y + m*y = 20. List the prime factors of y.
2
Let i(k) = 12*k - 9. Let c be i(7). Let h = 124 - c. List the prime factors of h.
7
Suppose 17*a + 48 = 3*z + 14*a, 5*z - 92 = 2*a. What are the prime factors of z?
2, 5
Let b be 3 + (-3)/(-6)*-2. Suppose 0 = r + b*r. Suppose -v + 6*v - 4*g - 35 = r, g = 2*v - 17. List the prime factors of v.
11
Let v be (-110)/(-8) - 2/(-8). Let y(j) = -2*j**2 + 5*j - 4. Let c be y(3). Let x = c + v. List the prime factors of x.
7
Let m = -24 - -38. Let s = -6 + m. What are the prime factors of s?
2
Suppose -2*k = -32 - 14. What are the prime factors of k?
23
Let g = -6 + 8. Let x(j) = 3*j + 2*j**2 + g*j**2 - 4*j. List the prime factors of x(2).
2, 7
Let m(o) = -o**3 + 17. Let g be 2/(-6) - 6/(-18). What are the prime factors of m(g)?
17
Suppose 0 = -7*t + 4*t + 6. Suppose -85 = -5*i - t*n, 0 = -2*n - 3*n. List the prime factors of i.
17
Suppose 0 = -s - 2*s + 96. Suppose 0 = -2*o + 94 - 14. Suppose 4*b + s = 5*j, -2*j = 2*j + 4*b - o. What are the prime factors of j?
2
Let y(v) = -15*v - 1. Let q be y(-3). Suppose 2*n = -4*f + q, -5*n + f + 37 = -4*n. What are the prime factors of n?
2
Let m(n) = n**2 - 8*n + 7. Let o be m(7). Suppose o*c = 4*c - 60. What are the prime factors of c?
3, 5
Let o(h) = h**3 - 6*h**2 + 4*h - 9. List the prime factors of o(6).
3, 5
Suppose l - 4*l = -153. Suppose 2*p - 5*p = -l. List the prime factors of p.
17
Let o(i) = -3*i. Let y be o(3). Let t be (1*(-8)/12)/(1/18). Let c = y - t. What are the prime factors of c?
3
List the prime factors of 1592/32 - (9/(-4))/(-3).
7
Let l(v) = v**3 + 3*v**2 - 4*v - 4. Let y be l(-4). Let a = -4 - y. Suppose 15 = 2*o - 3*n - 8, -3*n - 3 = a. List the prime factors of o.
2, 5
Let a(z) be the second derivative of -z + 1/6*z**4 - 2*z**2 + 0*z**3 + 0. List the prime factors of a(3).
2, 7
Let i(s) be the second derivative of s**4/12 + s**3/6 + 5*s**2/2 - s. Let n be i(7). Suppose -5*t = -14 - n. List the prime factors of t.
3, 5
Let c = 93 + -17. List the prime factors of c.
2, 19
Suppose 4 = -x, m + 3*x = -2*m + 147. Suppose -42 = -3*r - 3*q, r + q = -3*r + m. List the prime factors of r.
13
Suppose -30 = -2*o + 50. Suppose -2*w - 4*z = -0*z - o, 4*z - 4 = 0. Suppose 3 = -3*x + w. What are the prime factors of x?
5
What are the prime factors of (3/(-6)*-1)/((-4)/(-1656))?
3, 23
Let n be 10/2 - (0 - -1). Suppose 175 = n*f + 5*q, 5*q - 225 = -8*f + 3*f. Suppose -f = -4*v - 14. List the prime factors of v.
3
Let y be -2*3/2*1. List the prime factors of 5 - (y + 0 + 1).
7
Let f(p) be the first derivative of p**6/20 - p**3/6 + 2*p**2 - 2. Let o(b) be the second derivative of f(b). List the prime factors of o(1).
5
Suppose 2*g - 12 = 16. What are the prime factors of g?
2, 7
Suppose -4*j = -j. Let n be (j - (-18)/21)*7. Suppose -y + 3*d - n*d + 10 = 0, 4*y - 4*d - 40 = 0. List the prime factors of y.
2, 5
Suppose -q + 12 - 4 = 0. Suppose -14 = 2*s + q. Let c = -2 - s. List the prime factors of c.
3
Suppose 5*n + 0*n - 3*x = 205, -4*x + 205 = 5*n. What are the prime factors of n?
41
Let g(l) = -2*l + 5. Suppose 6*x = x - 15. Let j be (-44)/6 + x/(-9). What are the prime factors of g(j)?
19
Let d = 6 + -3. Suppose 37 = 5*l - 4*a, -8*l = -d*l - 2*a - 31. What are the prime factors of l?
5
Suppose 2*l + 3*l - 10 = 0. Suppose l*w = -3*w + 100. What are the prime factors of w?
2, 5
Let z = 132 + -35. List the prime factors of z.
97
Let p(n) = -n**2 - 3*n - 1. Let r be p(-4). Let a = 7 + r. Suppose a*c - 3*l = 49, 3*c - 5*l = -2*c + 110. List the prime factors of c.
17
Let k(d) be the first derivative of -d - 2 + 5/2*d**2. What are the prime factors of k(2)?
3
Let j(o) = o**2 + 7*o - 8. Let d be j(-9). Let p = 1 - d. List the prime factors of (-3)/2*84/p.
2, 7
Let x(g) = g**2 + 3*g + 1. Let h(y) = y**2 + 4*y + 2. Let w(m) = -2*h(m) + 3*x(m). Let l be w(2). Let k(s) = s**2 - 4*s - 1. What are the prime factors of k(l)?
2
Let o(g) = -2*g + 6. Suppose -5*j + 30 - 10 = 0. Let y be o(j). List the prime factors of (8/(-4))/(y/8).
2
Suppose -2*j = -4*i + 6, -5*j = 2*i - 7*i. Suppose q = -3*q - p + 33, -q + 22 = i*p. List the prime factors of q.
7
What are the prime factors of ((64/6)/2)/((-1)/(-18))?
2, 3
Suppose -f + 1 = 3*j - 2, 2*j = 4*f + 2. Let b = 8 - 11. Let x = f - b. What are the prime factors of x?
3
Let v = 15 + 9. List the prime factors of v.
2, 3
Let m = 9 - 29. Let t be 1/(-4) - 285/m. What are the prime factors of 158/t + (-2)/7?
11
Suppose 4*f = 5*i - 67 - 11, 0 = -5*f - 5*i - 75. Let a = f - -28. What are the prime factors of a?
11
Let d(g) = 2*g - 4. Let o be d(4). Suppose 0 = o*c - c. Suppose c*l = l - 11. List the prime factors of l.
11
Let q(k) = 14*k - 36. Let s(r) = 5*r - 12. Let d(w) = -4*q(w) + 11*s(w). Let o be d(9). Suppose -o*m - 2*m + 95 = 0. List the prime factors of m.
19
Let a(y) = 4*y**2 - 1. Let c be a(-1). Let f(q) = 3 + 1 + 0*q + q. List the prime factors of f(c).
7
Let n be 1/3*1*9. Suppose -4*t + 3*q + 25 = 0, -q + 22 = n*t - 0*q. List the prime factors of t.
7
List the prime factors of 35/((2/2)/1).
5, 7
Let b(u) be the first derivative of -2 + 1/2*u**2 + 15*u. List the prime factors of b(-7).
2
Suppose -3*u = -8 - 7. Let k = u + 5. List the prime factors of k.
2, 5
Let d = 17 - 13. Suppose -2*x = -d*a - 12, -3*x + 2*x + 18 = 2*a. List the prime factors of x.
2, 3
Let n be (8/6)/((-2)/(-18)). Suppose 0 = 2*y - 5*y + n, 3*y - 25 = -s. List the prime factors of s.
13
Let q = 90 - -23. What are the prime factors of q?
113
Suppose -2*w + f = -6 + 15, -3*w - 17 = 2*f. Suppose 5*t - 30 = 5*s, 4*s - 5*t = s - 26. Let o = s - w. What are the prime factors of o?
3
Let p = 65 + -34. Suppose 3*r - p = 2. What are the prime factors of r?
11
Let w(v) = 4*v - 1. Let r(i) = -i**3 + i**2 - i + 1. Let y be r(0). Let q be w(y). Suppose 0 = q*l - 4*l + 8. What are the prime factors of l?
2
Suppose 4*o - 48 = 84. List the prime factors of o.
3, 11
Suppose -8 = -3*w + 5*y + 2, 0 = -3*y - 15. Let x(d) = -d - 9. Let u be x(w). Let o = u + 7. What are the prime factors of o?
3
Let q(l) = -l**2 - 3*l - 1. Let y be q(-5). Let g be y*(0 - (1 - -1)). Suppose 2*x - 5 = 3*k, -59 = -4*x - 3*k - g. List the prime factors of x.
7
Let w(s) = -s**3 + 5*s**2 - 3*s + 3. Let r be w(3). Let z(u) = -r + 13*u + 12. List the prime factors of z(1).
13
Suppose 0 = 2*y - 5*y + 21. Let u(x) = -x**3 - 3*x**2 + 4*x + 3. Let t be u(-4). Let w = y - t. What are the prime factors of w?
2
Let i = -8 + 8. Suppose -4*v - v + 15 = i. List the prime factors of v.
3
Suppose 11*g - 156 = 8*g. What are the prime factors of g?
2, 13
List the prime factors of -3 - 5/(10/(-108)).
3, 17
Suppose 5*g + 34 = 3*j, -3 = -2*j - g - 2. Suppose -u + 4*u = k - 19, 0 = j*k - u - 33. Suppose -5*d = k, 4*p = -p + 5*d + 30. List the prime factors of p.
2
Let h = -67 - -66. Suppose -3*u - 5 = 19. Let k = h - u. What are the prime factors of k?
7
Suppose -4*t = 2*t - 468. What are the prime factors of t?
2, 3, 13
Suppose 0*k = 2*k. Let c be k*(-1)/(-1)*1. Let q = c - -2. List the prime factors of q.
2
Suppose 0*b - 6 = -2*b. Let m be 7 + b + -2 + -1. Suppose m*a = 2*a + 20. What are the prime factors of a?
2
What are the prime factors of 3 - 2 - (-5)/((-15)/(-222))?
3, 5
Suppose 5*b - 50 = j, -32 = -5*b + 2*j + 18. What are the prime factors of b?
2, 5
Let l = -7 - -14. Let a = -7 + l. Let t(f) = f**2 + 4. List the prime factors of t(a).
2
Let j be -2 + 8/2 + 28. Let c = -19 + j. Suppose -y + 5*k = -13, 2*y - 5*y + k + c = 0. What are the prime factors of y?
3
List the prime factors of (-3)/(((-21)/22)/7).
2, 11
Suppose d = 5*d - 4. Let q(b) = b**3 - b**2. Let l be q(d). List the prime factors of 6/4*(l + 12).
2, 3
List the prime factors of -1 - ((-4)/(-2) + -9).
2, 3
Let p = -3 - -2. Let m be 26*p*(-1 + 0). Let x = m + -15. What are the prime factors of x?
11
Suppose k - 28 = w - 3*w, 5*k - 5*w = 110. What are the prime factors of k?
2, 3
Suppose 8*z + 4*x = 3*z + 69, 4*x + 35 = 3*z. Suppose 5*f = -4*w + 3*w + z, 0 = 5*w - 3*f - 93. What are the prime factors of w?
2, 3
Let z be (4/(-3))/((-2)/6). Suppose -z*u = u - 120. What are the prime factors of u?
2, 3
Suppose -3*j - 19 = 2*h, 17 = -h - 0*h - 